st the prime factors of d.
2, 3
Let b(g) = 20*g + 1 - 4 - 23*g + 0. Let n be b(-3). What are the prime factors of 4/(n/(-6)) + 54/2?
23
Let p(d) = 40*d + 590. Let c(v) = -13*v - 197. Let u(r) = 8*c(r) + 3*p(r). List the prime factors of u(17).
2, 233
Let t(q) = 565*q**2 + 698*q + 2773. List the prime factors of t(-4).
3, 31, 97
Suppose -11*s + 9*s - 6 = 0. List the prime factors of s - 11/(55/(-1530)).
3, 101
What are the prime factors of (-8 + 7)/((-16)/87424)?
2, 683
Let l = 259 - 259. Suppose l = -4*c + 3*q + 2998, -2*q = 1 - 5. What are the prime factors of c?
751
Let h(g) = -49*g**2 + 3*g + 6. Let k be h(-3). Let b = k - -692. List the prime factors of b.
2, 31
Suppose 1563 - 4171 = -16*f. Suppose 5*v - 2422 = s, -1771 = -4*v + 2*s + f. What are the prime factors of v?
5, 97
Suppose 225122 = -18*l + 27*l + 22*l. What are the prime factors of l?
2, 3631
Suppose 676287 = 40*c - 145*c + 3309477. What are the prime factors of c?
2, 12539
Let c(k) = 16*k**2 - 18*k + 20. Let y be c(-12). What are the prime factors of y*9/(360/16)?
2, 127
Suppose -5*z = 25, 31384 - 499 = 5*h + 3*z. What are the prime factors of h?
2, 3, 5, 103
Let m(j) = -272*j - 505. What are the prime factors of m(-17)?
3, 1373
Let n = 1292 + 1612. List the prime factors of n.
2, 3, 11
Let g = -921 + 263. Let h = g + 1118. List the prime factors of h.
2, 5, 23
Suppose 5*f = -4*u + 28, -6*u + 5*u = 2*f - 10. Let x be ((-1130)/(-15) + 0)/(u/3). List the prime factors of -4 - (1 - (x - -1)).
109
Let d(t) = -3*t**3 - t**2 - 5*t + 14. Let c be d(4). Let f = 21 - c. Suppose 3*p = p - o + f, -2*p - 4*o + 250 = 0. What are the prime factors of p?
5, 23
Let x = -113 + 114. Suppose d - 3 = -x. Suppose -d*g - 512 = -6*g + 4*f, -4*f - 248 = -2*g. List the prime factors of g.
2, 3, 11
Suppose 22*d - 702178 + 171406 = 0. List the prime factors of d.
2, 3, 4021
Let m be (-3512)/(-3) - 24/36. Suppose -4*t = -5*c - 5*t + m, 456 = 2*c - 2*t. List the prime factors of c.
233
Let x be (-98608)/(-32)*(3 + (-4)/4). Suppose 1465 - x = -6*r. List the prime factors of r.
3, 29
Let p = -92 + 77. Let m = 20 + p. Suppose 6*s - 3*s = 9, 0 = -m*u - 3*s + 644. What are the prime factors of u?
127
Suppose 2*d - 81913 = 5*c, 32*d - 35*d + 4*c = -122880. List the prime factors of d.
2, 7, 11, 19
Let b(o) be the third derivative of -o**6/120 + o**5/20 - o**4/8 + o**3/2 + 3*o**2. Let u be b(2). What are the prime factors of (-2 + 82)*(0 + u)?
2, 5
What are the prime factors of 1960/(-735) - 53812/(-6)?
2, 4483
Suppose -22*g = -36*g + 150766. List the prime factors of g.
11, 89
Let a(o) = 5*o - 61. Let x be a(13). Suppose 3*l = -k + 1112, -x*l - 5*k = l - 1860. Suppose 4*g + 0*g + 2*r = l, 4 = -4*r. What are the prime factors of g?
3, 31
Let q be (0 - -197)/(66/1254). Suppose -q = -4*d - 1435. What are the prime factors of d?
577
Let j(o) = 742*o - 4556. List the prime factors of j(36).
2, 29, 191
Let p = -28 - -66. Let y = p - -69. List the prime factors of y.
107
Suppose 665*i + 412700 = 690*i. What are the prime factors of i?
2, 4127
List the prime factors of (-24)/12 + 1772 + -6.
2, 3, 7
Suppose 0 = -f + 3*s - 6, f - 8*s + 7*s + 8 = 0. Let o be 6/f*(-172 - 5). Suppose 4*w = 5*d + 482, 2*w - 132 = -2*d + o. What are the prime factors of w?
3, 41
Let i(j) = -32*j**3 - 16*j. Let p be i(-4). Let t = -1247 + p. What are the prime factors of t?
5, 173
Let q be 3 - ((-1571)/3 - (-4)/6). Let p = 926 - q. Suppose -5*f + p = -0*f. List the prime factors of f.
2, 5
Suppose -24*v = -36369 - 28623. What are the prime factors of v?
2, 677
Suppose 31528 = 4*n + 2*t, -20*t + 26*t - 7915 = -n. What are the prime factors of n?
7879
Suppose 2*f - 12 = 4*r, -4*f + 7 = -r - 52. Suppose -4*x = -f, 5*x = 4*g - 56 - 132. Let z = g + 18. List the prime factors of z.
2, 5, 7
Let r(i) be the first derivative of 7/3*i**3 - 1/4*i**4 - 13 + 2*i + 2*i**2. What are the prime factors of r(6)?
2, 31
Suppose 5*s - 3*x - 213 = 0, -21*s + 16*s - 4*x + 206 = 0. Suppose 2580 = 4*t + 3*n, -4*t - 37*n = -s*n - 2548. List the prime factors of t.
2, 3, 107
Suppose -271*i + 42180 = -123*i. Suppose 3*k = -669 + 255. Let f = i + k. List the prime factors of f.
3, 7
List the prime factors of (-10 + 6 - 1656)/((-28)/8 + 3).
2, 5, 83
Suppose 0 = -15*k + 271 - 46. Suppose k*y = 12*y + 105. Let j = 202 - y. What are the prime factors of j?
167
Let q(w) = -12746*w + 16. Let v be q(-1). Suppose -10*d + 28*d = v. List the prime factors of d.
709
Let x = 5147 - 1031. What are the prime factors of x?
2, 3, 7
Suppose -j + a + 13895 = 0, -2*a - 27769 = -2*j - 3*a. List the prime factors of j.
2, 7, 31
Suppose 2*q = 6*q + w - 1021, -4*q = -4*w - 1036. Let r = 1237 - q. List the prime factors of r.
3, 109
Let k = 124260 + -78845. What are the prime factors of k?
5, 31, 293
Let w(s) = 3*s**3 - 14*s**2 - 12*s + 26. Let v(l) = -8*l**3 + 44*l**2 + 35*l - 80. Let o(b) = 4*v(b) + 11*w(b). What are the prime factors of o(-18)?
2, 13, 43
Suppose -2*b - 575 = 23*b. Let g = 418 - b. What are the prime factors of g?
3, 7
Let n(w) = -w**3 + 1. Let s(j) = -3*j**3 - 14*j**2 - 17*j - 42. Let a(t) = -2*n(t) + s(t). List the prime factors of a(-13).
2
Let t(x) = -12*x + 23. Let g(i) = 4*i - 4*i - 4 - i - 3*i. Let h be g(1). List the prime factors of t(h).
7, 17
Let x = 5309 + 14572. What are the prime factors of x?
3, 47
Suppose 2*y + 3 = 3*w, -2*w + 17 = y + 22. Let j(c) = -11*c + 31. What are the prime factors of j(y)?
2
Let t(p) = 46*p + 15. Let z be t(7). What are the prime factors of z*(-2 - -7 - 4)?
337
Suppose 5*w + 4*g + 62 + 24 = 0, 0 = 3*w - g + 38. List the prime factors of -479*(20/(-14) + (-6)/w).
479
What are the prime factors of (10/(-55))/(5/(-700645))?
2, 12739
Let t(u) = -u**3 + 6*u**2 - 5*u - 8. Let b be t(4). Suppose -b*q = -3*l - 2056, -9*q + 2*l = -7*q - 1028. List the prime factors of q.
2, 257
Let a(g) = -g**3 - 15*g**2 - 49*g + 22. Let i be a(-10). Suppose 58*w - 62*w + 5140 = 4*y, 3*w = i. What are the prime factors of y?
3, 7, 61
Let c(h) = -2*h - 10. Let j(a) = 1. Let w(o) = 3*c(o) - 21*j(o). Let g be w(-9). Suppose g = -3*n + 54. What are the prime factors of n?
17
Suppose -4*u = -2*q - 3234, 3*q = 2*u - 1388 - 235. Suppose -9*n - u = -4245. Suppose -52 = 6*o - n. List the prime factors of o.
5, 11
Let s(j) = 73*j**3 - j - 20. Let f be s(5). What are the prime factors of ((-18)/(-7))/(39/f)?
2, 3, 5
Let y(s) = -62*s. Suppose -12 = 3*l + 3*d - 3, 3*l - d = -17. What are the prime factors of y(l)?
2, 5, 31
Suppose 5*c = -3*p - 4687, -c - 1947 - 1187 = 2*p. Let y = -604 - p. List the prime factors of y.
5, 193
Let g be (53/3)/(7/126). Suppose 295*q = 296*q - g. What are the prime factors of q?
2, 3, 53
Let s be -4 - (-600)/4 - -2. Suppose -4*c = 4*b + b - s, 0 = -4*b - 16. Suppose -159 = -45*d + c*d. List the prime factors of d.
53
Let b be (-6)/(-39) + (-181960)/(-260). Let q = b - 338. List the prime factors of q.
2, 181
Suppose -462 = -2*x - 0*x + 4*o, 685 = 3*x - 2*o. List the prime factors of x.
227
Suppose 6159*z + 122175 = 6174*z. What are the prime factors of z?
3, 5, 181
Suppose 0*o + 3*k = 2*o - 113, o - 84 = -4*k. Suppose -3*l - t = -o, 4*t - 20 = -4. Let m(g) = 4*g + 46. What are the prime factors of m(l)?
2, 3, 7
Let o(v) = -2*v**3 + 28*v**2 - 27*v + 28. Let g(c) = -c**3 + 14*c**2 - 13*c + 14. Let x(t) = 11*g(t) - 6*o(t). List the prime factors of x(13).
2
Let b(s) = 8*s - 136. Let p be b(17). Suppose 53*v - 3505 = 49*v - i, p = 5*v - 5*i - 4375. List the prime factors of v.
2, 3, 73
What are the prime factors of 231/770 + 1154014/20?
7, 8243
Let d = 453 + -415. Suppose -21*s - 5015 = -d*s. List the prime factors of s.
5, 59
List the prime factors of (-80280)/(-40)*(351/(-108))/((-3)/20).
3, 5, 13, 223
Let q be 414/8 + (-2)/(-8). Let y = -46 + q. What are the prime factors of (-436)/(-6) - y/(-45)*-5?
2, 3
Let c be (2 - 3/2)*16. Let n be 158/(((-12)/c)/(6/(-8))). Suppose -34 = -i + n. List the prime factors of i.
113
Let c be -53 + ((-15)/(-5) - -1). Let u = 115 - c. Suppose 7*h - u = 3*h. What are the prime factors of h?
41
Let r(l) = 165*l - 2. Let q be r(1). Let b = q + -52. What are the prime factors of b?
3, 37
Suppose -241358 = -27*k - 206042. What are the prime factors of k?
2, 3, 109
Let s(a) = 1328*a + 2017. List the prime factors o